{"id":136,"date":"2018-11-07T06:50:53","date_gmt":"2018-11-07T06:50:53","guid":{"rendered":"http:\/\/www.deadmusiciansalive.com\/?page_id=136"},"modified":"2018-11-11T02:37:06","modified_gmt":"2018-11-11T02:37:06","slug":"worldmusic","status":"publish","type":"page","link":"http:\/\/www.deadmusiciansalive.com\/index.php\/worldmusic\/","title":{"rendered":"WorldMusic"},"content":{"rendered":"<body><p>This section is for you to get to know interesting and cool bands abroad Germany, musically there si so much going around the world that is almost impossible to grasp it all.<\/p>\n<table style=\"border-collapse: collapse; width: 100%;\" border=\"1\">\n<tbody>\n<tr>\n<td style=\"width: 50%;\"><iframe loading=\"lazy\" src=\"https:\/\/www.youtube.com\/embed\/0N057xmiUP4\" width=\"560\" height=\"315\" frameborder=\"0\" allowfullscreen=\"allowfullscreen\"><\/iframe><\/td>\n<td style=\"width: 50%;\"><span style=\"color: #00ffff;\"><b>Tinariwen (ALGERIA)<\/b><\/span>\u00a0meaning\u00a0\u201cdeserts\u201d, plural of\u00a0<i>t\u00e9n\u00e9r\u00e9<\/i>\u00a0\u201cdesert\u201d<sup id=\"cite_ref-1\" class=\"reference\"><\/sup>) is a\u00a0Grammy Award-winning group of\u00a0<a title=\"Tuareg people\" href=\"https:\/\/en.wikipedia.org\/wiki\/Tuareg_people\">Tuareg<\/a>\u00a0musicians from the\u00a0Sahara Desert\u00a0region of northern\u00a0Mali. The band was formed in 1979<sup id=\"cite_ref-2\" class=\"reference\"><\/sup>\u00a0in\u00a0<a title=\"Tamanrasset\" href=\"https:\/\/en.wikipedia.org\/wiki\/Tamanrasset\">Tamanrasset<\/a>,\u00a0Algeria, but returned to Mali after a\u00a0cease-fire in the 1990s.\u00a0<sup id=\"cite_ref-3\" class=\"reference\"><\/sup>The group first started to gain a following outside the Sahara region in 2001 with the release of\u00a0<i><a title=\"The Radio Tisdas Sessions\" href=\"https:\/\/en.wikipedia.org\/wiki\/The_Radio_Tisdas_Sessions\">The Radio Tisdas Sessions<\/a><\/i>, and with performances at\u00a0<a title=\"Festival au D\u00e9sert\" href=\"https:\/\/en.wikipedia.org\/wiki\/Festival_au_D%C3%A9sert\">Festival au D\u00e9sert<\/a>\u00a0in Mali<sup id=\"cite_ref-4\" class=\"reference\"><\/sup>\u00a0and the\u00a0Roskilde Festival\u00a0in Denmark.<sup id=\"cite_ref-5\" class=\"reference\"><\/sup>\u00a0Their popularity rose internationally with the release of the critically acclaimed\u00a0<i><a title=\"Aman Iman\" href=\"https:\/\/en.wikipedia.org\/wiki\/Aman_Iman\">Aman Iman<\/a><\/i>\u00a0in 2007.\u00a0NPR\u00a0calls the group \u201cmusic\u2019s true rebels\u201d,<sup id=\"cite_ref-6\" class=\"reference\"><\/sup>\u00a0<a title=\"AllMusic\" href=\"https:\/\/en.wikipedia.org\/wiki\/AllMusic\">AllMusic<\/a>\u00a0deems the group\u2019s music \u201ca grassroots voice of rebellion\u201d,\u00a0and Slate\u00a0calls the group \u201crock \u2018n\u2019 roll rebels whose rebellion, for once, wasn\u2019t just metaphorical\u201d<\/td>\n<\/tr>\n<tr>\n<td style=\"width: 50%;\"><iframe loading=\"lazy\" src=\"https:\/\/www.youtube.com\/embed\/sxsKEf7ueS0\" width=\"560\" height=\"315\" frameborder=\"0\" allowfullscreen=\"allowfullscreen\"><\/iframe><\/td>\n<td style=\"width: 50%;\"><span style=\"color: #00ffff;\"><strong>ANNA RF (ISRAEL)<\/strong>\u00a0<\/span>anna RF is an Electro \u2013 Ethnic \u2013 Reggae group.\u00a0The phrase anna RF is an Arabic-Hebrew expression which has a double meaning \u2013 \u201cI know\u201d and \u201cI don\u2019t know\u201d, that is the concept behind the band.\u00a0The band was formed in a tiny desert village called \u201cShaharut\u201d, Anna RF\u00a0creates music that combines the beauty of different cultures and brings people together in a joyful celebration of unity. The groups sound is a mix between east &amp; west, blending ancient and modern instruments with a live-electronic touch. The message of the songs is one of happiness and freedom.\u00a0anna RF is also about visual art and collaborations. The group is travelling across the globe creating music and videos with local artists in authentic settings using a portable studio.<\/td>\n<\/tr>\n<tr>\n<td style=\"width: 50%;\"><iframe loading=\"lazy\" src=\"https:\/\/www.youtube.com\/embed\/IC4xTNC2nZY\" width=\"560\" height=\"315\" frameborder=\"0\" allowfullscreen=\"allowfullscreen\"><\/iframe><\/td>\n<td style=\"width: 50%;\"><span style=\"color: #00ffff;\"><strong>Austin TV (MEXICO)<\/strong><\/span> These guys change projects every 3 years. This video shows a period where they would cover their faces in a cone like alien mask. WItha a Math Rock concept they try to fit every note inteligently a precise.<\/td>\n<\/tr>\n<tr>\n<td style=\"width: 50%;\"><iframe loading=\"lazy\" src=\"https:\/\/www.youtube.com\/embed\/7hLxI6Yz7zU\" width=\"560\" height=\"315\" frameborder=\"0\" allowfullscreen=\"allowfullscreen\"><\/iframe><\/td>\n<td style=\"width: 50%;\"><span style=\"color: #00ffff;\"><strong>And So I Watch You From Afar (Northern Ireland)<\/strong><\/span> In an era where musically supposely less is more and the purest and cleanest sound is better, ASIWYFA goes the other way around, guitarrists and bass player have an enourmous stack of effect pedals that\u2026..<\/td>\n<\/tr>\n<tr>\n<td style=\"width: 50%;\"><iframe loading=\"lazy\" src=\"https:\/\/www.youtube.com\/embed\/NmneEGqP5C4\" width=\"560\" height=\"315\" frameborder=\"0\" allowfullscreen=\"allowfullscreen\"><\/iframe><\/td>\n<td style=\"width: 50%;\">\u00a0\n<p>\u2014<a href=\"http:\/\/beirutrockfestival.com\"><strong>Beirut Rock Festival<\/strong><\/a><\/p><\/td>\n<\/tr>\n<tr>\n<td style=\"width: 50%;\"><\/td>\n<td style=\"width: 50%;\"><\/td>\n<\/tr>\n<tr>\n<td style=\"width: 50%;\"><iframe loading=\"lazy\" src=\"https:\/\/player.vimeo.com\/video\/4439909\" width=\"640\" height=\"427\" frameborder=\"0\" allowfullscreen=\"allowfullscreen\"><\/iframe><\/td>\n<td style=\"width: 50%;\">Soda Estereo (ARGENTINNA) An old song from an extinct band but very, very well known among the Latinamerican community of all ages, known from Los Angeles Ca. southwards to Tierra de Fuego in South America. Soda Estereo inluenced by bands like the Police, The Cure and many others projects this Latinamerican Ache through their songs.<\/td>\n<\/tr>\n<tr>\n<td style=\"width: 50%;\"><\/td>\n<td style=\"width: 50%;\"><\/td>\n<\/tr>\n<tr>\n<td style=\"width: 50%;\"><\/td>\n<td style=\"width: 50%;\"><\/td>\n<\/tr>\n<tr>\n<td style=\"width: 50%;\"><iframe loading=\"lazy\" src=\"https:\/\/player.vimeo.com\/video\/41617433\" width=\"640\" height=\"360\" frameborder=\"0\" allowfullscreen=\"allowfullscreen\"><\/iframe>\n<p><a href=\"https:\/\/vimeo.com\/41617433\">ZO\u00c9 \u2013 DEJA TE CONECTO (LIVE)<\/a> from <a href=\"https:\/\/vimeo.com\/rguardiola\">RODRIGO GUARDIOLA<\/a> on <a href=\"https:\/\/vimeo.com\">Vimeo<\/a>.<\/p><\/td>\n<td style=\"width: 50%;\"><\/td>\n<\/tr>\n<\/tbody>\n<\/table>\n<p>\u00a0<\/p>\n<p>\u00a0<\/p>\n<\/body>","protected":false},"excerpt":{"rendered":"<p>This section is for you to get to know interesting and cool bands abroad Germany, musically there si so much going around the world that is almost impossible to grasp<a href=\"http:\/\/www.deadmusiciansalive.com\/index.php\/worldmusic\/\" class=\"more-link\"><span class=\"readmore\">Continue reading<span class=\"screen-reader-text\">WorldMusic<\/span><\/span><\/a><\/p>\n","protected":false},"author":1,"featured_media":0,"parent":0,"menu_order":0,"comment_status":"closed","ping_status":"closed","template":"","meta":{"om_disable_all_campaigns":false,"_monsterinsights_skip_tracking":false,"_monsterinsights_sitenote_active":false,"_monsterinsights_sitenote_note":"","_monsterinsights_sitenote_category":0,"footnotes":""},"class_list":["post-136","page","type-page","status-publish","hentry"],"aioseo_notices":[],"jetpack_sharing_enabled":true,"_links":{"self":[{"href":"http:\/\/www.deadmusiciansalive.com\/index.php\/wp-json\/wp\/v2\/pages\/136","targetHints":{"allow":["GET"]}}],"collection":[{"href":"http:\/\/www.deadmusiciansalive.com\/index.php\/wp-json\/wp\/v2\/pages"}],"about":[{"href":"http:\/\/www.deadmusiciansalive.com\/index.php\/wp-json\/wp\/v2\/types\/page"}],"author":[{"embeddable":true,"href":"http:\/\/www.deadmusiciansalive.com\/index.php\/wp-json\/wp\/v2\/users\/1"}],"replies":[{"embeddable":true,"href":"http:\/\/www.deadmusiciansalive.com\/index.php\/wp-json\/wp\/v2\/comments?post=136"}],"version-history":[{"count":11,"href":"http:\/\/www.deadmusiciansalive.com\/index.php\/wp-json\/wp\/v2\/pages\/136\/revisions"}],"predecessor-version":[{"id":149,"href":"http:\/\/www.deadmusiciansalive.com\/index.php\/wp-json\/wp\/v2\/pages\/136\/revisions\/149"}],"wp:attachment":[{"href":"http:\/\/www.deadmusiciansalive.com\/index.php\/wp-json\/wp\/v2\/media?parent=136"}],"curies":[{"name":"wp","href":"https:\/\/api.w.org\/{rel}","templated":true}]}}